
Let i be 0/((-5)/5 + -3). Suppose n - 1032 = -6*k + 2*k, 4*k - n - 1024 = i. What is the units digit of k?
7
Suppose 12*f - 8*f = 16. Suppose -4*n + 300 = n - 5*v, -f*n + 265 = v. What is the units digit of n?
5
Suppose 4*j + 356 = s, 5*s + 1094 = 8*s + j. What is the units digit of s?
4
Suppose -6*x + 1236 + 2748 = 0. Suppose -5*a + 15 = 0, 5*a - x = -4*h - 253. What is the tens digit of h?
9
Let f be ((-594)/4)/(3/(-6)). Suppose 4*j = -r + f, -r + 2*r = -3. What is the tens digit of j?
7
Suppose 2*m = -2*u - 2*m - 8, -5*m - 19 = -2*u. Suppose 2 = u*c - 0*a - a, -4*a + 1 = -5*c. Suppose 55 = c*z + 2*z. What is the tens digit of z?
1
Suppose 11*c - 35 = 10*c. Let a = 104 - c. What is the units digit of a?
9
Let t = -1599 - -3550. What is the units digit of t?
1
Suppose -2*b - 5407 = -5*z, 5*z = -19*b + 16*b + 5427. What is the tens digit of z?
8
Let o(d) = -d**3 + 19*d**2 + 99*d + 38. What is the thousands digit of o(15)?
2
Let l be -6 - -10 - 20/2. What is the tens digit of 3800/48 - (-1)/l?
7
What is the units digit of 6*((-98)/21 - -6)?
8
Let s be (-42)/((-5 - -4)*1). Suppose 0*x - s = -x. What is the tens digit of x?
4
Let b(v) = 13*v**2 + v. Let s be ((-3)/(-2))/(3/8). Suppose u + 6 = -5*g, g = -u - s + 2. What is the units digit of b(u)?
2
Suppose -j - 12 = -3*j. Suppose j*i - 184 = 2*i. What is the tens digit of i?
4
Let j = -408 - -425. What is the units digit of j?
7
Let s(a) = 6*a + 213. What is the tens digit of s(27)?
7
Let i(b) = -b**3 - 18*b**2 - 16*b + 20. Suppose -4*a - f + 343 = 0, 4*a + 4*f - 352 = -0*a. Suppose o - 6*o = a. What is the units digit of i(o)?
3
Suppose -6 - 16 = -l. Suppose -l = -4*g - 2*c, -3*c = 5*g + 9 - 37. Let n(d) = -d + 16. What is the tens digit of n(g)?
1
Let g(i) = -i**3 - 23*i**2 - 8*i - 109. What is the thousands digit of g(-27)?
3
Let o be -1 + 2022/21 - 2/7. Let l = 216 - o. What is the units digit of l?
1
Suppose -2*n + 3*h = -1 - 5, 0 = -n - 3*h + 12. Suppose p = 14 + n. What is the units digit of p?
0
Suppose 4*l = -0*l + 3*o - 7, -4*l + 13 = o. Suppose -l*z = -0*z + 54. Let b = -18 - z. What is the units digit of b?
9
Let z be 77 - (-1 + 1 + 0/(-4)). Suppose z = 3*v + 5. What is the units digit of v?
4
Suppose 12 = -2*r - 16. What is the tens digit of (72/42)/((-2)/r)?
1
What is the hundreds digit of 29 - -1648 - -1*(2 + 1)?
6
Let f(z) = -z**2 - 19*z - 68. Let i be f(-13). Suppose -3*s + 4*q + 316 = 0, -s = -i*q + 5*q - 109. What is the hundreds digit of s?
1
Let a(w) = -w**3 - 2*w**2 + 28*w + 34. What is the tens digit of a(-14)?
9
Let t(d) = d + 7. Let w be t(-4). Suppose -p + 4*p + 7 = a, 3*a - 27 = w*p. What is the tens digit of a?
1
Let c be (54/24)/((-2)/8). Let o be (-6)/c + (-35)/(-15). What is the tens digit of o + -1 + 0 + 24?
2
Suppose 0 = 24*c - 154 + 10. What is the units digit of ((-328)/c)/(64/36 - 2)?
6
Let q(k) = k**2 + 8*k + 18. Let d be q(-4). Suppose 4*m = -4*x + 508, -d*m = 4*x - 327 - 181. What is the tens digit of x?
2
Suppose 0 = -4*w + 3*p - 4377, 1096 = -w - 2*p + p. Let h be w/(-33) + (-10)/55. Suppose 0 = 2*r - h - 1. What is the units digit of r?
7
Let i = 2 - -5. Let o = 9 - i. Suppose 4*j + 0*j + 4 = 0, 48 = 2*m + o*j. What is the units digit of m?
5
Suppose 0*v + v = -5*m + 4, -2*m + 2 = 0. Let t(c) = -6*c + 2. Let a(u) = 27*u - 12. Let b(h) = a(h) + 5*t(h). What is the units digit of b(v)?
1
Suppose -2*i = -24 + 14. Suppose -6*u = 3*p - 2*u - 59, -3*p + i*u = -95. Let t = -13 + p. What is the tens digit of t?
1
Let i(w) = w**3 - 59*w**2 + 9*w - 244. What is the tens digit of i(59)?
8
Suppose 0 = 3*z - 4*k + 34, 0 = -3*k - 0*k + 12. Let y = -1 - z. Suppose 0*h + y*h - 115 = 0. What is the units digit of h?
3
Let c(i) = i**2 - i + 28. Let a be c(-7). What is the tens digit of (-4 + -20)*a/(-8)?
5
Let z = 1747 + 296. What is the units digit of z?
3
Suppose 38 = -3*k + 2*u, -4*k - 2*u + 9 = 55. What is the tens digit of k/(-2)*15 + 26 + -27?
8
Let h be (-9)/(-6)*32/12. Suppose -y + h*v + 74 = 0, -2*y + 0*v + 4*v + 144 = 0. Suppose -p - y = -2*g + 77, 4*g + 4*p = 300. What is the tens digit of g?
7
Suppose -r - 2*y = 2 - 17, 2*r = -2*y + 34. Let h(b) = -b**3 + 21*b**2 - 25*b - 43. What is the hundreds digit of h(r)?
2
Let h(s) = -s**2 + 20*s - 73. Let x be h(14). Suppose -3*z + 7*n - x*n = -401, 5*z + 4*n = 671. What is the tens digit of z?
3
Suppose 2*m + m = -222. Let s = -18 - m. What is the units digit of s?
6
Let l = 1275 - 496. What is the units digit of l?
9
Suppose a - 240 = 4*q, 11*a - 16*a + 1134 = 2*q. What is the units digit of a?
8
What is the units digit of (-146326)/(-92) - 1/(-2)?
1
Suppose 4*c - 6*c - 2*z = -74, 0 = 2*c - 5*z - 39. Suppose -c + 16 = -x. What is the units digit of x?
6
Let w(n) = 6*n**2 + 4*n. Let m = 12 + -9. Suppose 7*v - 6*v - m = 0. What is the units digit of w(v)?
6
Let n(v) = -118*v - 9 + v**2 + 242*v - 124*v. What is the hundreds digit of n(-11)?
1
Let j = 32 + -30. Suppose j*t - 3 = t. Suppose -t*p = -2*c + 92, -59 - 41 = -2*c + p. What is the tens digit of c?
5
Suppose g + x = -x + 789, -4*g + 5*x = -3221. What is the units digit of g?
9
What is the units digit of (-1 - 1740/(-4)) + (7 - 9)?
2
Suppose 20*p = 17*p + 1053. Suppose 2*d = 5*l - p - 654, d = -3*l + 603. What is the units digit of l?
1
Suppose 3*w + 5*d = 2349, 0*w - d + 1559 = 2*w. What is the hundreds digit of w?
7
Let u(q) be the first derivative of q**2 + 24*q - 14. What is the units digit of u(0)?
4
What is the thousands digit of 9/48*5816 + 1/2?
1
Suppose 68 = l + 12. What is the tens digit of 4/7 + 808/l?
1
Let b(a) = 2*a**2 + a + 4. Let u(f) = 7*f**2 + 4*f + 17. Let j(p) = 9*b(p) - 2*u(p). What is the units digit of j(3)?
1
What is the tens digit of (9/4 + -1)*(372 + 16)?
8
Suppose 72 = -3*m + 11*m. Suppose m = -4*q - 23. Let n = 17 + q. What is the units digit of n?
9
What is the tens digit of (-68)/(-102) - 1849/(-3)?
1
Let f = -113 + 56. Let m = -9 + 104. Let a = m + f. What is the tens digit of a?
3
Let w(i) = 1110*i - 118. What is the thousands digit of w(2)?
2
What is the thousands digit of (-6404)/(12/3)*(3 + -4)?
1
Let p be 7/3*(3 + 120/(-4)). Let s be (-2)/14 - (-30)/14. What is the units digit of p/(-6)*(s + 4)?
3
Suppose 5*f = 11*f - 24. What is the tens digit of (-4 - 252/16)*-2*f?
5
Suppose -11*f - 72 = -7*f. Let r be (f/15)/(2/(-5)). Suppose 3*n = 2*j - 38, r*n - 53 = -j - 4*j. What is the units digit of j?
3
Suppose 3*m + 2*i - 425 = 3*i, -4*i = 4*m - 572. What is the tens digit of m?
4
Let a(z) = z**3 - 7*z**2 + 6. Let k be a(7). What is the tens digit of (-2 + 171/k)*2?
5
Let c(t) be the first derivative of -t**4/2 - 5*t**3/3 + 3*t**2/2 - 32. What is the tens digit of c(-4)?
3
Let o(i) = -132*i + 493. What is the units digit of o(-6)?
5
Let m(j) = 19*j**2 - 19*j - 50. What is the hundreds digit of m(-9)?
6
Suppose 5*i - 3*b - 2*b - 20 = 0, 5*i = -3*b + 36. Suppose 5*n = 4*m - 7*m, m - 5*n = 0. Suppose i*u + m*u = 120. What is the tens digit of u?
2
Let d = 92 + -87. Suppose 13 = 8*n + d*n. What is the units digit of n?
1
Suppose -4*v - 15 = -4*g + 1, 26 = 5*g + v. Suppose -x - x = -c - 7, -2*c = -g*x + 18. Let d = 0 + x. What is the units digit of d?
4
Let m = -1103 + 2153. What is the tens digit of m?
5
What is the tens digit of (-10*2)/(24/(-18))?
1
Suppose 21*o = 25*o - 6900. What is the tens digit of o?
2
Let o be (-3)/(2/(40/6)). Let b = o + 14. Suppose -2*y + 6 = b*w, 5*y + 18 = -0*w + w. What is the units digit of w?
3
Suppose 2659 - 564 = 5*i. Suppose -q + 3*g + 117 = -94, 2*q - 5*g - i = 0. What is the hundreds digit of q?
2
Let n(d) = d**3 + 8*d**2 - 7*d + 10. Let b = -130 - -135. What is the hundreds digit of n(b)?
3
Let g = -4 - -12. Suppose -3*i + g + 4 = 0. Suppose 3*l = -5*w + 196, 2*w - 3*w - i*l = -29. What is the tens digit of w?
4
Let a be (-103 + (-3)/3)*-4. Suppose -12*k - a = -16*k. What is the hundreds digit of k?
1
Suppose -4*d + 3997 + 13184 = -5*m, -2*d - 5*m = -8583. What is the tens digit of d?
9
Suppose 3*g - 2*i = -4, -3*i + 31 = 3*g + 2*i. Suppose 2*b - 4*u = -g*b + 4, 4 = 2*u. Suppose -x + 39 - b = 0. What is the units digit of x?
6
Let b = -23 - -79. Let z = b - 35. What is the units digit of z?
1
What is the hundreds digit of 1981 - -13 - (-1 + 1)?
9
Suppose b = 5*l - 20, -40 = -5*l - 2*b + 7*b. Supp